he first derivative of v**3/3 - 3*v**2/2 + 3*v - 267. Give d(c).
3
Let z(p) = -p**2 - 7*p - 7. Let h be 43/9 + 2 + (-4)/(-18). Suppose -31 + h = 4*k. What is z(k)?
-1
Let r be (-654)/(-6) - (11 - 5). Let q = r + -109. Let s(f) = 7*f + 8. What is s(q)?
-34
Let b(o) = 3 - 1 - 6*o**2 - 3 - 2*o. Let t(x) = 4*x + 731. Let h be t(-183). Give b(h).
-5
Let f(g) = 5*g + 1. Let m be (30/20 + 0)*4/(-6). Let n(i) = -35*i - 7. Let l(p) = m*n(p) - 5*f(p). Give l(-3).
-28
Let s = -8067 - -8048. Let q(b) = b + 13. What is q(s)?
-6
Suppose 3*c - 21 = -5*h, 10*c + 5*h - 7 = 14*c. Let q be 1/c - (-2 + 3/(-2)). Let g(f) = -2*f**2 + 3*f - 3. Determine g(q).
-23
Let q(o) = -4*o + 5*o + 2*o**2 + 4*o**3 - 2*o + 7 - 3*o**3 - 8*o**2. Let b be 87/15 + 7/35. Determine q(b).
1
Let r(c) be the second derivative of c**3/3 - 2*c**2 + 21829*c - 1. Suppose 0 = j - 2*j - m - 2, -4*m = -4*j + 32. What is r(j)?
2
Let w(t) = -3 - 3 + t**2 + 5 + 6*t. Let i = 208 + -149. Suppose -i = 16*x + 21. Give w(x).
-6
Suppose 4*y - 3*y - 2*v + 82 = 0, -v = 4*y + 292. Let w = 68 + y. Let b(j) = -j - 4. Determine b(w).
2
Let w(l) be the third derivative of 5*l**4/24 + l**3/6 - 659*l**2. Calculate w(-1).
-4
Suppose -2*p - 8 - 2 = 0. Let o(w) = -84*w + 189. Let l(t) = 5*t - 11. Let q(v) = 35*l(v) + 2*o(v). Let h(z) = z. Let u(n) = p*h(n) + q(n). What is u(5)?
3
Let j(m) be the third derivative of -m**5/60 + 5*m**4/24 + 11*m**3/3 - 4460*m**2. Calculate j(0).
22
Let o(y) be the third derivative of -y**7/840 - y**6/90 - y**5/120 + y**4/24 - y**3/3 + 96*y**2. Let v(m) be the first derivative of o(m). What is v(-4)?
5
Suppose 10*i - 38 + 18 = 0. Let d(t) = 3 + 17*t**2 - 3*t + 9*t**i - 23*t**2. Give d(2).
9
Let m = -116 + 124. Let p(h) = -m + 2952*h - 2954*h + 2. Give p(6).
-18
Let w(s) = s**2 + 10*s - 123. Suppose 1192*y + 182 = 1218*y. Give w(y).
-4
Let j = 3 - 1. Let v(z) = 2 + 1 + j*z + 0*z. Let p be (-18)/4 - (-11 + (-187)/(-22)). Calculate v(p).
-1
Let i = 564 + -556. Let p be (12/3)/4 + i. Let j(l) = l**3 - 8*l**2 - 8*l + 13. Determine j(p).
22
Let b(r) = 2*r - 4. Let l(m) = 5*m - 11. Let a(s) = 7*b(s) - 2*l(s). Let k(w) = -119*w - 2614. Let u be k(-22). Give a(u).
10
Let t(q) = q - 7. Let p be (((-2)/3)/(-2))/(47/(-705)). Let h(r) = 3*r**2 + 12*r - 8. Let k be h(p). Calculate t(k).
0
Let y(j) = -j**2 + j + 2. Let k(i) = i**3 - 7*i**2 - 5*i + 16. Let v be k(7). Let o = v - -33. Let s be (12/o)/((-12)/(-56)). Determine y(s).
-10
Let p(d) = 4*d**3 + 31*d**2 - 26*d + 14. Let t(f) = 10*f**3 + 91*f**2 - 75*f + 40. Let o(m) = -8*p(m) + 3*t(m). What is o(12)?
-52
Suppose 167*s - 623 = 168*s. Let f = 619 + s. Let u(g) = -g**3 - 5*g**2 - 3*g - 2. Give u(f).
-6
Let u(a) = -a**2 + 6*a + 2. Let b(i) = -i**3 - i**2 - 8*i - 3. Let t(k) = k**3 - k. Let d(q) = b(q) - 6*t(q). Let f = -14537 + 14536. Let o be d(f). Give u(o).
7
Let n(k) = k**3 - 3*k**2 - 10*k + 3. Let t be n(5). Suppose b - t = -5*i + 1, -2*i - 4*b = -16. Let a(l) = 2 + 9*l - 10*l + i. Determine a(2).
0
Let r(h) be the first derivative of 7*h**2 + 13 - 1/24*h**4 - 1/3*h**3 + 0*h. Let g(q) be the second derivative of r(q). Calculate g(-7).
5
Let b be (-23976)/1702 - 8/(-92). Let p(w) = w**2 + 7*w - 68. What is p(b)?
30
Let w(p) = -3*p**3 - p**2 + 3*p - 7. Let i(n) = 11*n**3 + 3*n**2 - 8*n + 20. Let a(j) = -4*i(j) - 14*w(j). Determine a(2).
-10
Suppose 2*u - 39 = 17. Suppose -u = 54*o - 50*o. Let m(t) = -t**3 - 7*t**2 + 2*t + 8. Determine m(o).
-6
Let x be (-8)/(-32) + (-751)/(-4). Let j = 187 - x. Let v(c) = -4*c. Give v(j).
4
Let f(z) = 2*z - 2. Suppose 0 = -18*q + 14*q + 84. Suppose 5*h + q = 301. Suppose h = 3*b + 44. Determine f(b).
6
Suppose 0 = -w - 4, 2*g + 0*g + 8 = -3*w. Let z(d) = 4*d**g + 9*d + 9 - 3*d**2 - 4. Let r be (-38)/7 - (-720)/(-1260). Determine z(r).
-13
Suppose 3 + 15 = 3*a. Let v be -1 - 1/(a/(-48)). Let x(u) = 2*u - 6. Determine x(v).
8
Let q(g) be the second derivative of -g**5/20 - 11*g**4/12 + 3*g**3/2 - 10*g**2 + 3872*g. Calculate q(-12).
16
Let x(q) = 4*q + 50. Let w be x(-10). Let r(i) = 2*i + 9. Let y(t) = t - 1. Let o(p) = -r(p) + 4*y(p). Let u be o(w). Let l(k) = 2*k - 6. Calculate l(u).
8
Let h(q) = 3*q**2 + 3*q - 1. Let n = 185 + -188. Let v(o) = o**3 - o**2 - 2*o + 1. Let u(a) = n*v(a) - h(a). What is u(2)?
-20
Let i(n) = -353*n - 14486. Let s be i(-41). Let b(z) = 2*z**3 + 25*z**2 - 21*z - 7. Calculate b(s).
97
Suppose 40 = 5*w + 5*s, -2*w - s = 2*s - 19. Let a = -3 - -5. Let b(r) = -55*r + 26*r + 24*r + 5 + r**a. Determine b(w).
5
Let k(x) be the first derivative of 11*x**2 + 24*x + 5127. Calculate k(-4).
-64
Let x = 5 + -3. Let h be x*1/2*1. Let i(s) = -29*s**2 + s + 26. Let k(q) = -26*q**2 + q + 23. Let l(m) = -8*i(m) + 9*k(m). What is l(h)?
-2
Let z(n) = -n - 5. Let c = 118 + -115. Suppose o - 3*s = 7, -2*o + 2*s + c*s = -9. Calculate z(o).
3
Let v(a) = -a**2 + a + 3. Suppose -20 = 2*p - 38. Suppose -p - 16 = -y. Suppose 12 = -y*m + 28*m. Determine v(m).
-9
Let u be -69 - (11 + (0 - 5)). Let s be (u/(-10))/(6/8). Let w(h) = h**2 - 11*h - 7. What is w(s)?
-17
Suppose l + 8 = 8*n - 4*n, -n = -4*l - 2. Let r(i) = -2*i**n + 18*i - 5 + 18*i - 10*i. Let y be r(13). Let k(t) = 2*t + 5. Give k(y).
-5
Let i be (-121)/(-33) + 4/3. Let s(q) = -7*q + 9*q + 2*q**3 + q**3 - 10 + i*q**2 - 4*q**3. What is s(5)?
0
Let r(b) be the third derivative of b**6/120 - 11*b**5/30 + 11*b**4/12 - 9*b**3/2 + 2*b**2 + 6. Let n be r(21). Let p(z) = -3*z - 2. Give p(n).
16
Let v(i) be the first derivative of -8*i**3/3 + 5*i**2/2 - i - 233. Calculate v(1).
-4
Let y(z) = -z**2 + 17*z - 20. Let q be 48/18 + (40/6)/((-29)/(-58)). Give y(q).
-4
Let o = -127 + 349. Let y(d) = -7 - 221*d**2 - 4*d - 6*d + o*d**2. What is y(10)?
-7
Suppose 0 = -3*l + 3, b + l = 5*b + 21. Let z be -8*84/(-48)*b/7. Let o(a) = -a**3 - 11*a**2 - 9*a + 13. Determine o(z).
3
Let j(h) = -9*h. Suppose -40 = 8*u - 3*u. Let n be u/5 + (-12)/30. Let y be ((-4)/n)/(6 - 7). Calculate j(y).
18
Let z(y) = y**3. Let v be z(0). Let a(w) = -w**3 - w**2 - w + 25. Let j be a(v). Let r(t) = j*t + 1 + 8 + 7*t**2 + t**3 - 16*t. Give r(-6).
-9
Suppose 5*u - 2*i + 48 = 0, -11 = 2*u - 5*i + 25. Let n(m) = 5*m + 25. Determine n(u).
-15
Let m(x) = x**2 + 13*x + 31. Let p = -3000 - -2994. What is m(p)?
-11
Suppose -2*j - 6 = -16. Suppose -j*f = -4*f. Suppose 5*d + 20 = -f*d. Let a(t) = 3*t + 5. Give a(d).
-7
Suppose -19*j - 611 = -4*j - 326. Let n(v) = -2*v**2 - 38*v - 5. Give n(j).
-5
Let n(o) be the third derivative of 0 - 1/2*o**3 - 1/120*o**6 - 59*o**2 + 0*o - 1/12*o**5 + 5/24*o**4. What is n(-6)?
3
Let r(d) = 0*d - 9*d**2 + 6*d**2 + 4*d + 2 - 5*d**2. Let t be r(-1). Let a(j) = -j**2 - 7*j - 2. Determine a(t).
-32
Let n = 5719/30 - 1903/10. Let w(t) be the second derivative of 0 + 18*t + 4*t**2 - n*t**3. Calculate w(-8).
24
Suppose -4*q - 497 + 503 = 2*p, -5*q = -p - 11. Let z(m) = 24*m**2 - 3*m - 1. Calculate z(p).
26
Let j(z) = -z**3 + 6*z**2 - 11*z + 13. Let h be j(7). Let t = h - -162. Suppose -t = 6*r - 13. Let p(u) = -u - 8. Calculate p(r).
-2
Let u = -26208 + 26211. Let i(c) = -12*c + 23. Determine i(u).
-13
Let r(a) = 3*a + 1. Let l(o) = -3*o**2 + 2*o + 22. Let x be l(-4). Let d be 2 - ((-38)/(-266) - x/7). Give r(d).
-8
Let y be (-16)/(-6) + (-2)/3. Suppose -y*z - 3*z = -55. Let u(p) = -p**2 - 25 + 14 - 9*p + z. Calculate u(-6).
18
Let z(r) = 2*r - 125. Let u(x) = 4*x - 210. Let q(y) = -3*u(y) + 5*z(y). Let c be (8 - 2)*4/6. Give q(c).
-3
Let t(o) = 6*o - 1. Let w = -23 + -27. Let q = w + 55. Suppose 0 = 4*a - a - 5*x - 11, -a + q*x = -7. Determine t(a).
11
Suppose -3*d - 4*k - 2 = 0, -4*d + 3*k + 14 = -0*k. Let l be 138/42 + 2/(-7) - 0. Let w(u) = 1 - 6 - l*u**2 + 8*u - u**3 + 9*u**d + 3. Calculate w(7).
5
Let h(m) = 30*m**2 - 5*m - 6. Let u be h(-1). Suppose -5*p + u - 64 = 0. Let v(k) = -k**2 - 10*k - 9. Give v(p).
12
Let j(m) = 6*m - 8. Let u be 22/(-44) - 2/(8/(-442)). Let w(s) = -226 + s + u + 115. Let b(p) = j(p) - 5*w(p). Give b(-5).
-8
Let q(t) = -5*t**3 + 17*t**2 - 371. Let p(l) = l**3 - 3*l**2 + 75. Let g(a) = -11*p(a) - 2*q(a). Determine g(0).
-83
Let i(k) be the first derivative of 2*k**3/3 - 3*k**2/2 - k - 3. Suppose -67*j + 75*j - 24 = 0. What is i(j)?
8
Let m(o) = -5*o - 2. Let d(u) = -2*u**2 - 285*u + 1922. Let b be d(-149). Determine m(b).
73
Suppose -5*h -